6)/(-10))/((-3)/(-10)). What is the highest common factor of q and v?
4
Let y = -8 + 17. Let a = 1 - y. Let v = 12 + a. Calculate the highest common divisor of 1 and v.
1
Suppose 3*u = 3*d - 42, -2*d + 6*u = 2*u - 32. Let x be (-2)/(-5) + 590/25. What is the greatest common divisor of x and d?
12
Suppose -3*d = 5*c + 96, -c - 5*d - 48 = 2*c. Let u be (-308)/c*(-3)/(-2). Calculate the highest common factor of u and 11.
11
Let r be 243/12 + (-1)/4. Calculate the greatest common factor of 50 and r.
10
Let s(n) = n**2 - n + 32. Let q be 1*(2 + -1)*0. Let k be s(q). Let d(c) = 4*c**2 + 5*c - 4. Let t be d(4). What is the greatest common divisor of k and t?
16
Let a = -5 - -5. Let x be (2 - a) + 6 + 1. Let f = 43 + -25. What is the highest common factor of x and f?
9
Let l(s) = -4*s - 5. Let y be l(-5). Let d = -34 - -199. What is the greatest common divisor of d and y?
15
Suppose -4*g - g + 105 = 0. Suppose 2*f + g = 3*f. What is the highest common divisor of f and 3?
3
Let x(q) = q**3 + 3*q**2 - 4*q - 1. Let j be x(2). Let d(k) = 3*k**2 - 7*k + 4. Let b be d(5). What is the highest common divisor of j and b?
11
Suppose -3*r = -855 - 183. Suppose -c + r = 3*n, 0*c + 361 = 3*n - 2*c. Calculate the highest common divisor of 13 and n.
13
Let g(h) = -8*h**2 + h + 1. Let f be g(-1). Let v(z) = z**2 + 10*z - 3. Let j be v(f). Let d = j + 33. What is the highest common factor of d and 35?
7
Let v be 3/12 - 1/4. Suppose 0 = j - v*j - 99. Let b be 32/3 + (-1)/(-3). Calculate the highest common divisor of j and b.
11
Let a be 9/(-21) - 9/(-21). Suppose a = 2*z + 3*q - 12, 4*z - 28 = -4*q - q. Let y = 14 + -10. What is the highest common factor of z and y?
4
Let q be (-2)/(-10) - 164/20. Suppose 3*h + 2*h - 75 = 0. Let r = q + h. Calculate the highest common factor of r and 56.
7
Suppose -1 = 4*m - 45. What is the greatest common factor of 11 and m?
11
Let x = 1 - -2. What is the highest common factor of 21 and x?
3
Suppose -4*r + 3*r + 19 = 0. Let d be 4/(-14) - 2295/(-21). Let j = 185 - d. Calculate the highest common factor of j and r.
19
Let s be 1/((3/(-33))/1). Let n be ((-48)/(-10))/(s/(-165)). What is the highest common factor of 8 and n?
8
Suppose 5*q - 2 = 6*q. Let x(m) = -3*m**3 - m**2 + 1. Let o be x(q). What is the greatest common factor of 3 and o?
3
Suppose -5*a = t + t + 9, 3*a + 9 = 0. Calculate the highest common factor of t and 6.
3
Suppose -3*u - 765 = -8*u - 4*g, 2*u = -2*g + 306. What is the highest common factor of 9 and u?
9
Let g be 87/5 + 6/(-15). Suppose -g = -j + 1. Let y = 30 - j. What is the greatest common divisor of y and 6?
6
Let y be ((-34)/17)/(3/(102/(-4))). What is the greatest common factor of y and 17?
17
Let g be 4/6 + 651/63. What is the highest common divisor of g and 22?
11
Suppose 0 = -d - 4*d - 50. Let o = 28 + d. Calculate the greatest common factor of o and 90.
18
Let q be ((-96)/2)/(2/(-8)). Let g be 20/1*24/100*5. Calculate the greatest common divisor of q and g.
24
Let x = -13 + 503. Suppose 3*g + x = 5*o, -o + 42 + 56 = -4*g. What is the greatest common divisor of 14 and o?
14
Suppose -5*b = 2*f - 175, -4*b + f = 4*f - 147. Calculate the greatest common divisor of b and 11.
11
Let q(k) = -k**2 + 4*k. Let o be q(3). Suppose 2*f - 2*u = 80, u - 3*u + 136 = 4*f. Suppose -o*l = -7*l + f. Calculate the highest common divisor of 18 and l.
9
Let d be 0/2 - -1*13. Let x be 18/12 - (-3)/2. Let k = 10 + x. Calculate the highest common factor of d and k.
13
Let x(g) = g**3 + 2*g**2 - 2*g - 4. Let a be x(-3). Let w = a + 9. Calculate the greatest common divisor of 8 and w.
2
Suppose -2*m + m + 17 = 0. Let l be ((-68)/(-10))/(9*(-16)/(-360)). What is the greatest common factor of m and l?
17
Suppose 0 = c + 4, 4*x + c + 3 = 7. Let n = 0 - -6. Calculate the greatest common factor of x and n.
2
Suppose u - 3 - 10 = 0. What is the highest common factor of u and 91?
13
Suppose -3*n + 5*h = -14, -5*h - 13 = 4*n - 55. Calculate the highest common factor of n and 24.
8
Let w be (48/20)/(6/15). Let g(p) = 3*p**2 - 5*p - 6. Let l be g(w). Calculate the greatest common divisor of l and 9.
9
Let b = 5 - -20. Let s be (16 - 1)/((-3)/(-15)). What is the highest common divisor of s and b?
25
Let b = 28 - -14. Let o be (1 + 0)/(1/(-7)). Let x = 13 + o. What is the greatest common divisor of b and x?
6
Let u(i) = 0*i**2 - 1 + 4*i - i**2 - 2*i**2 + 5*i**2. Let a be u(-4). Calculate the highest common divisor of 3 and a.
3
Suppose -4*o - 27 = -3*a, -a = -o - 1 - 6. Let n = 10 + o. What is the greatest common divisor of 32 and n?
4
Suppose l - 72 = -3*y - 2*l, -l = 2*y - 51. Let k be -1*(1 + 2)*-5. Let q = y - k. What is the highest common divisor of 36 and q?
12
Suppose -4*r + 3*q + 63 = 0, -5*q = -7*r + 2*r + 75. Let f be (-10)/5 + 48 + -1. Calculate the greatest common divisor of r and f.
9
Suppose 5*z = 2*b + 201, -6*b = -4*b - 4. Let p = 3 - z. Let x = -6 - p. Calculate the highest common factor of 80 and x.
16
Let q be 2436/16 - 2/8. Suppose 0 = -k - 2*k - 4*g, 0 = -4*k - 4*g + 4. Let c(n) = 4*n + 3. Let r be c(k). Calculate the highest common divisor of r and q.
19
Let p = 66 - 36. Let x = 9 - 9. Suppose 3*f = -x*s - 4*s + 168, -53 = -s + 2*f. What is the greatest common divisor of s and p?
15
Suppose 4*c + 5*o - 193 = 4*o, 0 = -4*c + 3*o + 189. Let i = -14 - -26. What is the greatest common factor of c and i?
12
Suppose -n + 6 = n. Let t = 7 + 10. Suppose 5*x = -d + n*x + t, 4*x = 12. Calculate the highest common divisor of 22 and d.
11
Suppose 0 = 2*w - 170 - 28. Let t(o) = -o**3 + 4*o**2 + 3*o - 5. Let f be t(4). Let x = 16 - f. What is the highest common divisor of x and w?
9
Let r be (-3)/((-1)/(-4)*3). Let g(f) = 0*f + f**2 + 2*f + 3 - 2 - 5. Let i be g(r). What is the highest common divisor of i and 4?
4
Let k = -7 + 9. Calculate the highest common factor of 10 and k.
2
Suppose -p = -2*i - 6 - 8, 0 = -3*i - 3. Let s = 30 - -6. Calculate the greatest common divisor of s and p.
12
Let c = -46 - -142. Let g(r) = -2*r. Let v be g(-1). Suppose -p - 4*p = -2*o - 78, 0 = p - v*o - 14. Calculate the greatest common divisor of c and p.
16
Let v = 2 + 0. Let k = 24 + -12. Let n = 2 + k. What is the highest common factor of v and n?
2
Let i = 88 + -59. Calculate the greatest common divisor of i and 145.
29
Suppose 5*j = -8 - 17, 5*j + 15 = -2*t. What is the greatest common factor of 10 and t?
5
Suppose -21*p = -23*p + 48. Calculate the greatest common divisor of p and 36.
12
Let q(o) = -o**3 - 11*o**2 - 10*o + 3. Let v be q(-10). Calculate the highest common divisor of 3 and v.
3
Let p(h) = h**2 - 5*h + 4. Let m be p(-7). Calculate the highest common factor of m and 11.
11
Suppose -3*d - 35 = -8*s + 3*s, 5*s = 2*d + 20. Let h = 33 + d. What is the greatest common factor of h and 2?
2
Suppose 0 = 3*j - 6, -j - 120 = -5*a + 4*j. Let s(q) = -q**3 - 11*q**2 - 14*q - 1. Let o be s(-10). What is the greatest common factor of o and a?
13
Let s = 119 - 97. What is the greatest common factor of 88 and s?
22
Let p(g) = 2*g**2 - 3*g + 17. Let r be p(3). Calculate the greatest common divisor of r and 195.
13
Let d be 2/(-4) + 88/16. Let c be (1/(-2))/(3/(-156)). Suppose -d*m = -c - 19. What is the highest common divisor of m and 45?
9
Suppose 5*p = 2*p + 42. Suppose -2*w - w + g + p = 0, -3*g = 6. Calculate the highest common factor of w and 2.
2
Let k(n) = -n**2 - 8*n - 8. Let f be k(-7). Let q be (-1)/((-2)/(-28))*f. Calculate the highest common factor of 42 and q.
14
Let w(s) = 2*s**2 - 5*s - 3. Let n be w(-1). What is the highest common factor of 36 and n?
4
Suppose a = 4*a - 567. Let r(w) = -w**3 + 5*w**2 + 2*w + 11. Let t be r(5). What is the highest common factor of a and t?
21
Suppose 4 + 46 = 5*y - 5*n, 2*y - 19 = 3*n. What is the highest common factor of 55 and y?
11
Suppose -71*c = -76*c + 425. Calculate the greatest common factor of 5 and c.
5
Suppose o - 5 - 1 = -5*r, 14 = -3*r - 5*o. Suppose r*u - u - 22 = 0. Let g be 260/u + 12/66. Calculate the greatest common divisor of 84 and g.
12
Let a(g) = g + 19. Let i be a(8). Calculate the greatest common divisor of i and 81.
27
Let q be (28/16)/((-3)/(-12)). Let k = q + 0. What is the greatest common factor of 7 and k?
7
Suppose 3*m + 12 = 0, 5*m + 8 = -f - 0*f. What is the highest comm